{"id":8,"date":"2023-02-23T20:40:09","date_gmt":"2023-02-23T19:40:09","guid":{"rendered":"http:\/\/frederiquebailly.fr\/?page_id=8"},"modified":"2025-07-27T17:04:53","modified_gmt":"2025-07-27T15:04:53","slug":"contact","status":"publish","type":"page","link":"https:\/\/frederiquebailly.fr\/index.php\/contact\/","title":{"rendered":"Contact"},"content":{"rendered":"\n<p><strong>Fr\u00e9d\u00e9rique Bailly<\/strong><br>4 place du Vieux March\u00e9<br>69380 Chasselay<br>Tel : 06 81 56 83 01<br><a href=\"mailto:contact@frederiquebailly.fr\">contact@frederiquebailly.fr<\/a><\/p>\n\n\n\n<p>Architecte inscrite \u00e0 l\u2019Ordre des Architectes de la r\u00e9gion Auvergne Rh\u00f4ne-Alpes sous le <strong>n\u00b0084015<\/strong><\/p>\n\n\n\n<figure class=\"wp-block-image size-large is-resized\"><a href=\"https:\/\/www.architectes.org\/\" target=\"_blank\" rel=\" noreferrer noopener\"><img decoding=\"async\" width=\"1024\" height=\"663\" data-src=\"https:\/\/frederiquebailly.fr\/wp-content\/uploads\/2025\/07\/logo-oa-1024x663.png\" alt=\"\" class=\"wp-image-416 lazyload\" style=\"--smush-placeholder-width: 1024px; --smush-placeholder-aspect-ratio: 1024\/663;width:233px;height:auto\" data-srcset=\"https:\/\/frederiquebailly.fr\/wp-content\/uploads\/2025\/07\/logo-oa-1024x663.png 1024w, https:\/\/frederiquebailly.fr\/wp-content\/uploads\/2025\/07\/logo-oa-300x194.png 300w, https:\/\/frederiquebailly.fr\/wp-content\/uploads\/2025\/07\/logo-oa-768x497.png 768w, https:\/\/frederiquebailly.fr\/wp-content\/uploads\/2025\/07\/logo-oa-1536x994.png 1536w, https:\/\/frederiquebailly.fr\/wp-content\/uploads\/2025\/07\/logo-oa-2048x1325.png 2048w\" data-sizes=\"(max-width: 1024px) 100vw, 1024px\" src=\"data:image\/svg+xml;base64,PHN2ZyB3aWR0aD0iMSIgaGVpZ2h0PSIxIiB4bWxucz0iaHR0cDovL3d3dy53My5vcmcvMjAwMC9zdmciPjwvc3ZnPg==\" \/><\/a><\/figure>\n\n\n\n<p><\/p>\n","protected":false},"excerpt":{"rendered":"<p>Fr\u00e9d\u00e9rique Bailly4 place du Vieux March\u00e969380 ChasselayTel : 06 81 56 83 01contact@frederiquebailly.fr Architecte inscrite \u00e0 l\u2019Ordre des Architectes de [&hellip;]<\/p>\n","protected":false},"author":1,"featured_media":0,"parent":0,"menu_order":0,"comment_status":"closed","ping_status":"closed","template":"","meta":{"_uag_custom_page_level_css":"","site-sidebar-layout":"default","site-content-layout":"","ast-site-content-layout":"default","site-content-style":"default","site-sidebar-style":"default","ast-global-header-display":"","ast-banner-title-visibility":"","ast-main-header-display":"","ast-hfb-above-header-display":"","ast-hfb-below-header-display":"","ast-hfb-mobile-header-display":"","site-post-title":"","ast-breadcrumbs-content":"","ast-featured-img":"","footer-sml-layout":"","ast-disable-related-posts":"","theme-transparent-header-meta":"","adv-header-id-meta":"","stick-header-meta":"","header-above-stick-meta":"","header-main-stick-meta":"","header-below-stick-meta":"","astra-migrate-meta-layouts":"default","ast-page-background-enabled":"default","ast-page-background-meta":{"desktop":{"background-color":"var(--ast-global-color-5)","background-image":"","background-repeat":"repeat","background-position":"center center","background-size":"auto","background-attachment":"scroll","background-type":"","background-media":"","overlay-type":"","overlay-color":"","overlay-opacity":"","overlay-gradient":""},"tablet":{"background-color":"","background-image":"","background-repeat":"repeat","background-position":"center center","background-size":"auto","background-attachment":"scroll","background-type":"","background-media":"","overlay-type":"","overlay-color":"","overlay-opacity":"","overlay-gradient":""},"mobile":{"background-color":"","background-image":"","background-repeat":"repeat","background-position":"center center","background-size":"auto","background-attachment":"scroll","background-type":"","background-media":"","overlay-type":"","overlay-color":"","overlay-opacity":"","overlay-gradient":""}},"ast-content-background-meta":{"desktop":{"background-color":"var(--ast-global-color-4)","background-image":"","background-repeat":"repeat","background-position":"center center","background-size":"auto","background-attachment":"scroll","background-type":"","background-media":"","overlay-type":"","overlay-color":"","overlay-opacity":"","overlay-gradient":""},"tablet":{"background-color":"var(--ast-global-color-4)","background-image":"","background-repeat":"repeat","background-position":"center center","background-size":"auto","background-attachment":"scroll","background-type":"","background-media":"","overlay-type":"","overlay-color":"","overlay-opacity":"","overlay-gradient":""},"mobile":{"background-color":"var(--ast-global-color-4)","background-image":"","background-repeat":"repeat","background-position":"center center","background-size":"auto","background-attachment":"scroll","background-type":"","background-media":"","overlay-type":"","overlay-color":"","overlay-opacity":"","overlay-gradient":""}},"footnotes":""},"class_list":["post-8","page","type-page","status-publish","hentry"],"yoast_head":"<!-- This site is optimized with the Yoast SEO plugin v27.4 - https:\/\/yoast.com\/product\/yoast-seo-wordpress\/ -->\n<title>Contact - Fr\u00e9d\u00e9rique Bailly architecte<\/title>\n<meta name=\"robots\" content=\"index, follow, max-snippet:-1, max-image-preview:large, max-video-preview:-1\" \/>\n<link rel=\"canonical\" href=\"https:\/\/frederiquebailly.fr\/index.php\/contact\/\" \/>\n<meta property=\"og:locale\" content=\"fr_FR\" \/>\n<meta property=\"og:type\" content=\"article\" \/>\n<meta property=\"og:title\" content=\"Contact - Fr\u00e9d\u00e9rique Bailly architecte\" \/>\n<meta property=\"og:description\" content=\"Fr\u00e9d\u00e9rique Bailly4 place du Vieux March\u00e969380 ChasselayTel : 06 81 56 83 01contact@frederiquebailly.fr Architecte inscrite \u00e0 l\u2019Ordre des Architectes de [&hellip;]\" \/>\n<meta property=\"og:url\" content=\"https:\/\/frederiquebailly.fr\/index.php\/contact\/\" \/>\n<meta property=\"og:site_name\" content=\"Fr\u00e9d\u00e9rique Bailly architecte\" \/>\n<meta property=\"article:publisher\" content=\"https:\/\/www.facebook.com\/frederiquebaillyarchitecte\" \/>\n<meta property=\"article:modified_time\" content=\"2025-07-27T15:04:53+00:00\" \/>\n<meta property=\"og:image\" content=\"https:\/\/frederiquebailly.fr\/wp-content\/uploads\/2025\/07\/logo-oa-scaled.png\" \/>\n\t<meta property=\"og:image:width\" content=\"2560\" \/>\n\t<meta property=\"og:image:height\" content=\"1657\" \/>\n\t<meta property=\"og:image:type\" content=\"image\/png\" \/>\n<meta name=\"twitter:card\" content=\"summary_large_image\" \/>\n<meta name=\"twitter:label1\" content=\"Dur\u00e9e de lecture estim\u00e9e\" \/>\n\t<meta name=\"twitter:data1\" content=\"1 minute\" \/>\n<script type=\"application\/ld+json\" class=\"yoast-schema-graph\">{\"@context\":\"https:\\\/\\\/schema.org\",\"@graph\":[{\"@type\":\"WebPage\",\"@id\":\"https:\\\/\\\/frederiquebailly.fr\\\/index.php\\\/contact\\\/\",\"url\":\"https:\\\/\\\/frederiquebailly.fr\\\/index.php\\\/contact\\\/\",\"name\":\"Contact - Fr\u00e9d\u00e9rique Bailly architecte\",\"isPartOf\":{\"@id\":\"https:\\\/\\\/frederiquebailly.fr\\\/#website\"},\"primaryImageOfPage\":{\"@id\":\"https:\\\/\\\/frederiquebailly.fr\\\/index.php\\\/contact\\\/#primaryimage\"},\"image\":{\"@id\":\"https:\\\/\\\/frederiquebailly.fr\\\/index.php\\\/contact\\\/#primaryimage\"},\"thumbnailUrl\":\"https:\\\/\\\/frederiquebailly.fr\\\/wp-content\\\/uploads\\\/2025\\\/07\\\/logo-oa-1024x663.png\",\"datePublished\":\"2023-02-23T19:40:09+00:00\",\"dateModified\":\"2025-07-27T15:04:53+00:00\",\"breadcrumb\":{\"@id\":\"https:\\\/\\\/frederiquebailly.fr\\\/index.php\\\/contact\\\/#breadcrumb\"},\"inLanguage\":\"fr-FR\",\"potentialAction\":[{\"@type\":\"ReadAction\",\"target\":[\"https:\\\/\\\/frederiquebailly.fr\\\/index.php\\\/contact\\\/\"]}]},{\"@type\":\"ImageObject\",\"inLanguage\":\"fr-FR\",\"@id\":\"https:\\\/\\\/frederiquebailly.fr\\\/index.php\\\/contact\\\/#primaryimage\",\"url\":\"https:\\\/\\\/frederiquebailly.fr\\\/wp-content\\\/uploads\\\/2025\\\/07\\\/logo-oa-scaled.png\",\"contentUrl\":\"https:\\\/\\\/frederiquebailly.fr\\\/wp-content\\\/uploads\\\/2025\\\/07\\\/logo-oa-scaled.png\",\"width\":2560,\"height\":1657},{\"@type\":\"BreadcrumbList\",\"@id\":\"https:\\\/\\\/frederiquebailly.fr\\\/index.php\\\/contact\\\/#breadcrumb\",\"itemListElement\":[{\"@type\":\"ListItem\",\"position\":1,\"name\":\"Home\",\"item\":\"https:\\\/\\\/frederiquebailly.fr\\\/\"},{\"@type\":\"ListItem\",\"position\":2,\"name\":\"Contact\"}]},{\"@type\":\"WebSite\",\"@id\":\"https:\\\/\\\/frederiquebailly.fr\\\/#website\",\"url\":\"https:\\\/\\\/frederiquebailly.fr\\\/\",\"name\":\"Fr\u00e9d\u00e9rique Bailly architecte\",\"description\":\"architecte, lyon, rhone, chasselay, beaujolais, maison, appartement, r\u00e9novation\",\"publisher\":{\"@id\":\"https:\\\/\\\/frederiquebailly.fr\\\/#organization\"},\"potentialAction\":[{\"@type\":\"SearchAction\",\"target\":{\"@type\":\"EntryPoint\",\"urlTemplate\":\"https:\\\/\\\/frederiquebailly.fr\\\/?s={search_term_string}\"},\"query-input\":{\"@type\":\"PropertyValueSpecification\",\"valueRequired\":true,\"valueName\":\"search_term_string\"}}],\"inLanguage\":\"fr-FR\"},{\"@type\":\"Organization\",\"@id\":\"https:\\\/\\\/frederiquebailly.fr\\\/#organization\",\"name\":\"Fr\u00e9d\u00e9rique Bailly architecte\",\"url\":\"https:\\\/\\\/frederiquebailly.fr\\\/\",\"logo\":{\"@type\":\"ImageObject\",\"inLanguage\":\"fr-FR\",\"@id\":\"https:\\\/\\\/frederiquebailly.fr\\\/#\\\/schema\\\/logo\\\/image\\\/\",\"url\":\"https:\\\/\\\/frederiquebailly.fr\\\/wp-content\\\/uploads\\\/2023\\\/02\\\/Logo_Site.png\",\"contentUrl\":\"https:\\\/\\\/frederiquebailly.fr\\\/wp-content\\\/uploads\\\/2023\\\/02\\\/Logo_Site.png\",\"width\":451,\"height\":333,\"caption\":\"Fr\u00e9d\u00e9rique Bailly architecte\"},\"image\":{\"@id\":\"https:\\\/\\\/frederiquebailly.fr\\\/#\\\/schema\\\/logo\\\/image\\\/\"},\"sameAs\":[\"https:\\\/\\\/www.facebook.com\\\/frederiquebaillyarchitecte\",\"https:\\\/\\\/www.linkedin.com\\\/company\\\/69960671\\\/admin\\\/feed\\\/posts\\\/\"]}]}<\/script>\n<!-- \/ Yoast SEO plugin. -->","yoast_head_json":{"title":"Contact - Fr\u00e9d\u00e9rique Bailly architecte","robots":{"index":"index","follow":"follow","max-snippet":"max-snippet:-1","max-image-preview":"max-image-preview:large","max-video-preview":"max-video-preview:-1"},"canonical":"https:\/\/frederiquebailly.fr\/index.php\/contact\/","og_locale":"fr_FR","og_type":"article","og_title":"Contact - Fr\u00e9d\u00e9rique Bailly architecte","og_description":"Fr\u00e9d\u00e9rique Bailly4 place du Vieux March\u00e969380 ChasselayTel : 06 81 56 83 01contact@frederiquebailly.fr Architecte inscrite \u00e0 l\u2019Ordre des Architectes de [&hellip;]","og_url":"https:\/\/frederiquebailly.fr\/index.php\/contact\/","og_site_name":"Fr\u00e9d\u00e9rique Bailly architecte","article_publisher":"https:\/\/www.facebook.com\/frederiquebaillyarchitecte","article_modified_time":"2025-07-27T15:04:53+00:00","og_image":[{"width":2560,"height":1657,"url":"https:\/\/frederiquebailly.fr\/wp-content\/uploads\/2025\/07\/logo-oa-scaled.png","type":"image\/png"}],"twitter_card":"summary_large_image","twitter_misc":{"Dur\u00e9e de lecture estim\u00e9e":"1 minute"},"schema":{"@context":"https:\/\/schema.org","@graph":[{"@type":"WebPage","@id":"https:\/\/frederiquebailly.fr\/index.php\/contact\/","url":"https:\/\/frederiquebailly.fr\/index.php\/contact\/","name":"Contact - Fr\u00e9d\u00e9rique Bailly architecte","isPartOf":{"@id":"https:\/\/frederiquebailly.fr\/#website"},"primaryImageOfPage":{"@id":"https:\/\/frederiquebailly.fr\/index.php\/contact\/#primaryimage"},"image":{"@id":"https:\/\/frederiquebailly.fr\/index.php\/contact\/#primaryimage"},"thumbnailUrl":"https:\/\/frederiquebailly.fr\/wp-content\/uploads\/2025\/07\/logo-oa-1024x663.png","datePublished":"2023-02-23T19:40:09+00:00","dateModified":"2025-07-27T15:04:53+00:00","breadcrumb":{"@id":"https:\/\/frederiquebailly.fr\/index.php\/contact\/#breadcrumb"},"inLanguage":"fr-FR","potentialAction":[{"@type":"ReadAction","target":["https:\/\/frederiquebailly.fr\/index.php\/contact\/"]}]},{"@type":"ImageObject","inLanguage":"fr-FR","@id":"https:\/\/frederiquebailly.fr\/index.php\/contact\/#primaryimage","url":"https:\/\/frederiquebailly.fr\/wp-content\/uploads\/2025\/07\/logo-oa-scaled.png","contentUrl":"https:\/\/frederiquebailly.fr\/wp-content\/uploads\/2025\/07\/logo-oa-scaled.png","width":2560,"height":1657},{"@type":"BreadcrumbList","@id":"https:\/\/frederiquebailly.fr\/index.php\/contact\/#breadcrumb","itemListElement":[{"@type":"ListItem","position":1,"name":"Home","item":"https:\/\/frederiquebailly.fr\/"},{"@type":"ListItem","position":2,"name":"Contact"}]},{"@type":"WebSite","@id":"https:\/\/frederiquebailly.fr\/#website","url":"https:\/\/frederiquebailly.fr\/","name":"Fr\u00e9d\u00e9rique Bailly architecte","description":"architecte, lyon, rhone, chasselay, beaujolais, maison, appartement, r\u00e9novation","publisher":{"@id":"https:\/\/frederiquebailly.fr\/#organization"},"potentialAction":[{"@type":"SearchAction","target":{"@type":"EntryPoint","urlTemplate":"https:\/\/frederiquebailly.fr\/?s={search_term_string}"},"query-input":{"@type":"PropertyValueSpecification","valueRequired":true,"valueName":"search_term_string"}}],"inLanguage":"fr-FR"},{"@type":"Organization","@id":"https:\/\/frederiquebailly.fr\/#organization","name":"Fr\u00e9d\u00e9rique Bailly architecte","url":"https:\/\/frederiquebailly.fr\/","logo":{"@type":"ImageObject","inLanguage":"fr-FR","@id":"https:\/\/frederiquebailly.fr\/#\/schema\/logo\/image\/","url":"https:\/\/frederiquebailly.fr\/wp-content\/uploads\/2023\/02\/Logo_Site.png","contentUrl":"https:\/\/frederiquebailly.fr\/wp-content\/uploads\/2023\/02\/Logo_Site.png","width":451,"height":333,"caption":"Fr\u00e9d\u00e9rique Bailly architecte"},"image":{"@id":"https:\/\/frederiquebailly.fr\/#\/schema\/logo\/image\/"},"sameAs":["https:\/\/www.facebook.com\/frederiquebaillyarchitecte","https:\/\/www.linkedin.com\/company\/69960671\/admin\/feed\/posts\/"]}]}},"uagb_featured_image_src":{"full":false,"thumbnail":false,"medium":false,"medium_large":false,"large":false,"1536x1536":false,"2048x2048":false},"uagb_author_info":{"display_name":false,"author_link":"https:\/\/frederiquebailly.fr\/index.php\/author\/admin4199\/"},"uagb_comment_info":0,"uagb_excerpt":"Fr\u00e9d\u00e9rique Bailly4 place du Vieux March\u00e969380 ChasselayTel : 06 81 56 83 01contact@frederiquebailly.fr Architecte inscrite \u00e0 l\u2019Ordre des Architectes de [&hellip;]","_links":{"self":[{"href":"https:\/\/frederiquebailly.fr\/index.php\/wp-json\/wp\/v2\/pages\/8","targetHints":{"allow":["GET"]}}],"collection":[{"href":"https:\/\/frederiquebailly.fr\/index.php\/wp-json\/wp\/v2\/pages"}],"about":[{"href":"https:\/\/frederiquebailly.fr\/index.php\/wp-json\/wp\/v2\/types\/page"}],"author":[{"embeddable":true,"href":"https:\/\/frederiquebailly.fr\/index.php\/wp-json\/wp\/v2\/users\/1"}],"replies":[{"embeddable":true,"href":"https:\/\/frederiquebailly.fr\/index.php\/wp-json\/wp\/v2\/comments?post=8"}],"version-history":[{"count":10,"href":"https:\/\/frederiquebailly.fr\/index.php\/wp-json\/wp\/v2\/pages\/8\/revisions"}],"predecessor-version":[{"id":421,"href":"https:\/\/frederiquebailly.fr\/index.php\/wp-json\/wp\/v2\/pages\/8\/revisions\/421"}],"wp:attachment":[{"href":"https:\/\/frederiquebailly.fr\/index.php\/wp-json\/wp\/v2\/media?parent=8"}],"curies":[{"name":"wp","href":"https:\/\/api.w.org\/{rel}","templated":true}]}}